divided by 11239.
6227
What is the remainder when 119411635 is divided by 235?
145
Calculate the remainder when 741367 is divided by 827.
375
Calculate the remainder when 522877 is divided by 50.
27
Calculate the remainder when 399684 is divided by 36330.
54
What is the remainder when 14222231 is divided by 189?
170
Calculate the remainder when 5520946 is divided by 105.
46
What is the remainder when 972225 is divided by 725?
0
What is the remainder when 820240 is divided by 273380?
100
Calculate the remainder when 482680 is divided by 238.
16
What is the remainder when 203444199 is divided by 19?
8
What is the remainder when 1025042 is divided by 85414?
74
Calculate the remainder when 18879606 is divided by 22.
20
What is the remainder when 1584632 is divided by 528192?
56
What is the remainder when 121230323 is divided by 792355?
8
Calculate the remainder when 13533645 is divided by 584.
29
What is the remainder when 14282068 is divided by 109023?
55
What is the remainder when 88814253 is divided by 355?
353
Calculate the remainder when 57710977 is divided by 1937.
1936
Calculate the remainder when 104222 is divided by 25839.
866
What is the remainder when 35199 is divided by 7004?
179
Calculate the remainder when 101790 is divided by 41.
28
Calculate the remainder when 705039046 is divided by 28.
26
Calculate the remainder when 2933105 is divided by 20.
5
What is the remainder when 28068611 is divided by 2417?
2407
Calculate the remainder when 7296207 is divided by 21.
9
Calculate the remainder when 101978134 is divided by 20.
14
Calculate the remainder when 401544 is divided by 1958.
154
What is the remainder when 1382254 is divided by 460453?
895
Calculate the remainder when 652500 is divided by 36.
0
What is the remainder when 9237 is divided by 9057?
180
Calculate the remainder when 19965656 is divided by 50.
6
What is the remainder when 309413 is divided by 119?
13
What is the remainder when 316636270 is divided by 9?
7
What is the remainder when 39860030 is divided by 1355?
1350
What is the remainder when 1130052 is divided by 282491?
88
Calculate the remainder when 845 is divided by 787.
58
What is the remainder when 1040678 is divided by 6714?
8
Calculate the remainder when 6455231 is divided by 88.
79
What is the remainder when 419028 is divided by 1266?
1248
What is the remainder when 746681 is divided by 37333?
21
What is the remainder when 1012034 is divided by 144569?
51
Calculate the remainder when 1265602 is divided by 253119.
7
Calculate the remainder when 3775046 is divided by 3404.
10
Calculate the remainder when 781725 is divided by 8590.
35
What is the remainder when 246108039 is divided by 18?
15
Calculate the remainder when 225586 is divided by 17304.
634
Calculate the remainder when 1970078 is divided by 18.
14
What is the remainder when 149285 is divided by 14707?
2215
What is the remainder when 383591 is divided by 95?
76
Calculate the remainder when 490825 is divided by 4548.
4189
Calculate the remainder when 16058 is divided by 919.
435
Calculate the remainder when 719682 is divided by 437.
380
Calculate the remainder when 1430353 is divided by 126.
1
Calculate the remainder when 24775 is divided by 12382.
11
What is the remainder when 75517 is divided by 2765?
862
What is the remainder when 17936 is divided by 667?
594
Calculate the remainder when 147806 is divided by 49099.
509
What is the remainder when 9195408 is divided by 1093?
1092
What is the remainder when 333921543 is divided by 697?
692
Calculate the remainder when 3656 is divided by 1362.
932
Calculate the remainder when 1164121 is divided by 27065.
326
Calculate the remainder when 41259 is divided by 2423.
68
What is the remainder when 660539 is divided by 77?
33
What is the remainder when 35125 is divided by 11691?
52
Calculate the remainder when 9791 is divided by 1949.
46
What is the remainder when 11800474 is divided by 1029?
931
What is the remainder when 529789 is divided by 5893?
5312
Calculate the remainder when 3834880 is divided by 1062.
1060
What is the remainder when 671740 is divided by 621?
439
What is the remainder when 637845 is divided by 34?
5
Calculate the remainder when 1371612 is divided by 1905.
12
What is the remainder when 1905457 is divided by 831?
805
Calculate the remainder when 36831 is divided by 8561.
2587
Calculate the remainder when 31178710 is divided by 119.
115
Calculate the remainder when 1289503 is divided by 17664.
31
Calculate the remainder when 3486688 is divided by 30.
28
Calculate the remainder when 34069442 is divided by 34069416.
26
Calculate the remainder when 63083 is divided by 31466.
151
Calculate the remainder when 44516899 is divided by 571.
26
Calculate the remainder when 54728561 is divided by 681.
677
What is the remainder when 1116619 is divided by 14315?
49
Calculate the remainder when 20637439 is divided by 11510.
9
Calculate the remainder when 21192264 is divided by 127664.
40
What is the remainder when 14490185 is divided by 329322?
17
What is the remainder when 34855 is divided by 425?
5
Calculate the remainder when 84455 is divided by 276.
275
Calculate the remainder when 94681533 is divided by 13.
11
Calculate the remainder when 3341475 is divided by 233.
22
Calculate the remainder when 26663690 is divided by 566.
562
What is the remainder when 8440301 is divided by 977?
975
Calculate the remainder when 2981162 is divided by 993625.
287
What is the remainder when 12519225 is divided by 5701?
5530
What is the remainder when 610752 is divided by 830?
702
Calculate the remainder when 363174 is divided by 266.
84
Calculate the remainder when 16218 is divided by 868.
594
What is the remainder when 21781 is divided by 7180?
241
What is the remainder when 29731280 is divided by 381170?
20
What is the remainder when 2047803 is divided by 43570?
13
What is the remainder when 110444 is divided by 349?
160
What is the remainder when 338710 is divided by 112484?
1258
Calculate the remainder when 28644787 is divided by 88.
83
What is the remainder when 1300559 is divided by 261?
257
Calculate the remainder when 90854 is divided by 90776.
78
Calculate the remainder when 7248923 is divided by 3524.
55
Calculate the remainder when 5594 is divided by 916.
98
What is the remainder when 249925 is divided by 49967?
90
What is the remainder when 8527445 is divided by 337?
334
What is the remainder when 864393 is divided by 16309?
16
Calculate the remainder when 8701468 is divided by 21.
13
What is the remainder when 139625497 is divided by 34906371?
13
What is the remainder when 19827891 is divided by 188837?
6
Calculate the remainder when 70571 is divided by 10069.
88
What is the remainder when 254404 is divided by 84771?
91
What is the remainder when 499479 is divided by 1843?
26
What is the remainder when 932848 is divided by 932846?
2
What is the remainder when 259597 is divided by 258616?
981
What is the remainder when 125585 is divided by 51?
23
What is the remainder when 2750791 is divided by 157?
151
Calculate the remainder when 135293 is divided by 135278.
15
What is the remainder when 1268155 is divided by 319?
130
Calculate the remainder when 440267 is divided by 40021.
36
What is the remainder when 3295197 is divided by 6712?
6317
Calculate the remainder when 5449269 is divided by 3645.
3639
Calculate the remainder when 17169 is divided by 1135.
144
Calculate the remainder when 40433 is divided by 9766.
1369
What is the remainder when 12449803 is divided by 24?
19
Calculate the remainder when 63423 is divided by 2526.
273
Calculate the remainder when 104445 is divided by 106.
35
Calculate the remainder when 79300613 is divided by 15860121.
8
What is the remainder when 1097916 is divided by 595?
141
What is the remainder when 388041 is divided by 4055?
2816
Calculate the remainder when 55568 is divided by 189.
2
Calculate the remainder when 147250 is divided by 1838.
210
What is the remainder when 17432438 is divided by 428?
426
What is the remainder when 11953110 is divided by 2716?
2710
Calculate the remainder when 83860480 is divided by 864541.
3
What is the remainder when 7100 is divided by 523?
301
What is the remainder when 29015041 is divided by 1234?
1233
Calculate the remainder when 8358